r + 13. Calculate the remainder when n(d) is divided by 13.
10
Suppose 3*g = 2*i - 2, g + 4*g - 30 = -5*i. Let u = 17 + -7. What is the remainder when u is divided by i?
2
Let a(h) = h + 7 + 12 - 5. Suppose -g + 4*g - 5*w = 20, g + 2*w - 14 = 0. Calculate the remainder when g is divided by a(-10).
2
Calculate the remainder when 22 is divided by (-1)/(-2)*3*4.
4
Suppose -4*y + 3*n + 22 = y, 5*n = -3*y + 20. Suppose 2 = -2*v - 2*d, -5*v + 4*d + 11 = y*d. Calculate the remainder when 11 is divided by (-6)/5*(-10)/v.
3
Suppose 0 = 2*n - 5*a - 24 - 26, -2*n + 4*a + 48 = 0. Calculate the remainder when 38 is divided by n.
18
Suppose 2*n + 37 = 2*p - n, p + 2*n - 8 = 0. Let x = -39 - -108. Let b = x - 42. What is the remainder when b is divided by p?
13
Suppose -8 = 2*g - 4*g. Suppose -4*u + 131 = -g*i + 823, -3*u - 519 = -i. What is the remainder when 56 is divided by (-4)/18 - u/9?
18
Let s = 65 - 62. What is the remainder when 27 is divided by s?
0
Suppose -h + 37 = 27. What is the remainder when 38 is divided by h?
8
Let i = -46 - -96. Let m(p) = 2*p**3 - 3*p**2 - 3*p - 1. Calculate the remainder when i is divided by m(3).
16
Let i(q) = q**2 - 4*q - 7. Calculate the remainder when 67 is divided by i(-4).
17
Let a(n) = -6*n. What is the remainder when (-4)/(-4) - 2 - -36 is divided by a(-1)?
5
What is the remainder when (-6)/(-3) - (-49 + -2) is divided by 28?
25
What is the remainder when 64 is divided by (-70)/(-5) - (2 - 1)?
12
Let k = -8 - 0. Let m(o) = o**2 + 5*o. Let s be m(-4). Let d = s - k. What is the remainder when 10 is divided by d?
2
Suppose -4*j = 3*b + b - 68, 2*b + 71 = 3*j. What is the remainder when 60 is divided by j?
18
What is the remainder when (-1)/(-2) - (-245)/10 is divided by (-2*(-5)/20)/((-1)/(-28))?
11
Let g = 25 + -7. Suppose 3*p - 8*p = -3*c + 220, 0 = -4*c - 2*p + 276. Calculate the remainder when c is divided by g.
16
Suppose -m - 7 = -5*y, -3*m - 5 = -4*m - y. Let o(f) = f**2 + 2. Let q(c) = -c**3 - 8*c**2 - 8*c - 3. What is the remainder when o(m) is divided by q(-7)?
3
Let m(d) = -d**2 + 8*d - 5. Let w be m(7). Suppose w*q - 6 = -0*q. Let g = 16 + -11. What is the remainder when g is divided by q?
2
Let b = 3 + -1. Let q be 2 - ((b - 2) + 0). What is the remainder when (-3)/q*32/(-3) is divided by 6?
4
Suppose -18*a - 19 = -163. Calculate the remainder when 19 is divided by a.
3
Let h = 6 + -4. What is the remainder when h is divided by 1?
0
Suppose -3*x - 3*h = -0*h - 15, x = -3*h - 5. Calculate the remainder when 2 is divided by (-5)/x + (-10)/(-4).
0
Let r = 241 + -409. Calculate the remainder when (0 + -1)/(8/r) is divided by 12.
9
Suppose 5*i = -j - 19, 2*j + i - 17 = 2*i. Calculate the remainder when 9 is divided by j.
3
Let z = -5 + 12. Let k(b) = -b + 0*b + 8*b**2 - 7*b**2. Calculate the remainder when k(4) is divided by z.
5
Suppose -2*a - 3*a = 4*m - 725, 0 = -2*m - 4*a + 358. What is the remainder when m is divided by 31?
30
Suppose -3*u = -6*u - i + 167, -5*u = i - 279. Let s = 29 - 10. What is the remainder when u is divided by s?
18
Let y = -26 - -37. What is the remainder when (3/(-6) - 0)*-86 is divided by y?
10
Suppose 0 = y - 14 + 2. What is the remainder when 20 is divided by y?
8
Suppose 0*x = -4*z - 3*x + 181, 188 = 4*z - 4*x. What is the remainder when z is divided by 24?
22
Suppose 3*s + g = 260, 28 = -5*g + 8. Calculate the remainder when s is divided by 15.
13
Suppose 0*d - 2*d - 19 = -s, -3*s + 4*d = -67. Calculate the remainder when s is divided by 39/4 - (-8)/32.
9
Suppose 0 = 6*d - 8*d + 16. Calculate the remainder when 44 is divided by d.
4
Suppose 5*k = 4*y + 72, -4*k - y = k - 82. What is the remainder when 62 is divided by k?
14
Let i(r) = r**3 - 4*r**2 - r - 2. Let a be i(3). Let g = -3 - a. What is the remainder when g is divided by 6?
5
Let m = 3 + -3. Let x be 16/(((-6)/(-4))/3). Suppose -5*v + 15 = m, 0*h + 2*v = -h + x. What is the remainder when h is divided by 14?
12
Suppose -47*q - 108 = -51*q. What is the remainder when q is divided by 4?
3
Let t = 52 - 20. Let a = t + -23. Calculate the remainder when a is divided by 4.
1
Let l(p) = p**3 - 5*p**2 + 3*p + 2. Let h be l(4). Let z = 30 - h. Calculate the remainder when z is divided by 17.
15
Suppose -6*n = -10*n + 156. Calculate the remainder when n is divided by 14.
11
Suppose 2*f - 32 = -8. Calculate the remainder when 1*(-3)/2*828/(-54) is divided by f.
11
Let q = 345 - 240. What is the remainder when q is divided by 27?
24
Suppose 3*d = 195 + 123. Suppose 0*t = t + d. What is the remainder when (t/(-4))/((-3)/(-6)) is divided by 14?
11
Suppose 3*p = 14 + 28. Suppose d + 4*a + 9 = 0, -2*d - 18 = -7*d + a. Suppose 0 = -b + 2 + d. Calculate the remainder when p is divided by b.
4
Suppose w + 15 = 3*b, 0*w + 36 = 5*b + 2*w. Let t(v) = -v**2 + 6*v + 3. Let a be t(b). What is the remainder when 28 is divided by (10/6)/(a/27)?
13
Suppose -6*h + 9 + 105 = 0. Calculate the remainder when 35 is divided by h.
16
Let d(g) = -g**3 - 8*g**2 - 7*g - 8. Calculate the remainder when d(-8) is divided by (-1)/(-4) + 1139/68.
14
Suppose -8*d = -12*d + 168. What is the remainder when d is divided by 21 - ((-1)/1 + 0)?
20
Suppose -3*i - 3*j = 3, -j + 12 = -2*i - 5. What is the remainder when ((-94)/i)/(3/9) is divided by 12?
11
Let p(z) = -z**2 - 11*z + 4. Calculate the remainder when (-128)/(-3) + 2/(-3) is divided by p(-9).
20
Suppose 0 = -3*k + 47 - 11. Suppose 4*c - 2*i - 16 = -3*i, 5*c + 2*i - 17 = 0. What is the remainder when k is divided by c?
2
Suppose 5*r - 3*v = 36, 2*v - 15 = -3*r - 1. What is the remainder when 39 is divided by r?
3
Let a = -28 - -36. What is the remainder when 12 is divided by a?
4
Let l = 5 - 0. Let m = 13 + -6. Let u = m + -4. What is the remainder when l is divided by u?
2
Let c be (-1 - -1)*4/8. Suppose c = 2*s - 4*z - 4, -3*z - z + 14 = s. What is the remainder when 16 is divided by s?
4
Suppose -2*c + 75 = 5*u - 0*u, -3*u - 5*c = -64. What is the remainder when u is divided by 8?
5
Suppose 4*p + 0*p - 16 = 0. Calculate the remainder when 6 is divided by p.
2
Let h be ((-14)/(-8))/(3/(-288)). Let s = 372 + h. Suppose -4*w + 3*d = -w - s, d + 135 = 2*w. What is the remainder when w is divided by 23?
21
Suppose -204 = -45*z + 41*z. What is the remainder when z is divided by 14?
9
Let p(k) = -k**3 - 2*k**2 + 7*k + 4. Let h(n) = n**2 + 3. Let d be h(3). What is the remainder when p(-5) is divided by 6*(-1)/(-2) + d?
14
Let r(c) = -c + 11. Let n be r(5). Let f = 0 + -2. Calculate the remainder when 1 is divided by f*(-2 - (-9)/n).
0
Let r(j) = -j**2 - 21*j - 79. Calculate the remainder when 32 is divided by r(-15).
10
Let r = -54 + 56. Suppose 3*p - 2*p = -8. Let g(x) = x**3 + 7*x**2 - 9*x - 7. Calculate the remainder when r is divided by g(p).
0
Let a(u) = u**2 + 5*u + 3. Let d be a(-3). Let z(m) = 3*m**2 - 1. Let n(i) = -i**3 - 3*i - 5. Calculate the remainder when z(d) is divided by n(-2).
8
Suppose 4*o = z - 11 - 117, -319 = -3*z - o. Suppose 2*y + 2*y - z = 0. Calculate the remainder when y is divided by 15.
12
Suppose -5 = -b + 3*g, 0*b - 4*g - 12 = -2*b. What is the remainder when 45 is divided by b?
5
Let n = 10 + -18. Let p = 14 + n. Let d(c) = -c**3 - 4*c**2 - 5*c - 2. What is the remainder when p is divided by d(-3)?
2
Suppose 8*r + 567 = 5*r. Calculate the remainder when r/(-6) + 3/(-6) is divided by 1/1 + 8 + 2.
9
Suppose 0 = 5*a + 4*d - 76, 2*a + 0*a - d - 33 = 0. Suppose -p = -11 - a. Calculate the remainder when p is divided by 14.
13
Suppose o + 55 = 6*o. Let r(c) = c - 9. Let a be r(7). What is the remainder when -1*(-82)/(-4)*a is divided by o?
8
Let n(d) be the third derivative of -d**5/60 + 7*d**4/24 + d**2. Suppose 0 = h + 2*x - 4, h - 3*x = -2*h + 21. What is the remainder when 17 is divided by n(h)?
5
Suppose -5*n + 12 = -3*n. Suppose -1 = -5*j + 24. Suppose -36 = -i - 2*i - j*c, -2*i = -3*c - 43. Calculate the remainder when i is divided by n.
5
Suppose 2*h = -0*h + 38. Let u = -36 - -61. Suppose -5 = -3*g + u. What is the remainder when h is divided by g?
9
Let m = 17 + -15. Calculate the remainder when 4 is divided by (0 - (-1)/m)*6.
1
Suppose 10 + 38 = 4*o. Suppose 5*m - 2*b - 86 = 0, 3*b = -b - 12. Let s = m + -9. Calculate the remainder when o is divided by s.
5
What is the